 prime factors of 330254.
2, 61, 2707
What are the prime factors of 339625?
5, 11, 13, 19
What are the prime factors of 617879?
617879
What are the prime factors of 635172?
2, 3, 41, 1291
List the prime factors of 625651.
13, 17, 19, 149
List the prime factors of 9533094.
2, 3, 659, 2411
List the prime factors of 602154.
2, 3, 7, 59
List the prime factors of 101290.
2, 5, 7, 1447
What are the prime factors of 612260?
2, 5, 11, 23
List the prime factors of 6002631.
3, 666959
What are the prime factors of 26884409?
31, 53, 16363
What are the prime factors of 2064349?
7, 79, 3733
What are the prime factors of 541654?
2, 17, 89, 179
What are the prime factors of 13794453?
3, 47, 32611
List the prime factors of 1604264.
2, 127, 1579
List the prime factors of 1189419.
3, 7, 11, 19, 271
List the prime factors of 7552279.
7, 163, 6619
List the prime factors of 1050720.
2, 3, 5, 11, 199
What are the prime factors of 23425372?
2, 179, 32717
List the prime factors of 24055.
5, 17, 283
List the prime factors of 989064.
2, 3, 19, 241
What are the prime factors of 1051225?
5, 7, 6007
What are the prime factors of 254753?
254753
List the prime factors of 4230467.
17, 248851
List the prime factors of 22665108.
2, 3, 1888759
What are the prime factors of 522225?
3, 5, 11, 211
What are the prime factors of 3700975?
5, 317, 467
List the prime factors of 608925.
3, 5, 23, 353
What are the prime factors of 15324181?
15324181
List the prime factors of 16981329.
3, 5660443
What are the prime factors of 15426308?
2, 113, 34129
What are the prime factors of 1781831?
1781831
What are the prime factors of 9058490?
2, 5, 7, 151, 857
What are the prime factors of 165883?
165883
What are the prime factors of 4605216?
2, 3, 7, 11, 89
What are the prime factors of 216837?
3, 2677
What are the prime factors of 1541557?
227, 6791
What are the prime factors of 2828589?
3, 353, 2671
What are the prime factors of 24938?
2, 37, 337
What are the prime factors of 916605?
3, 5, 20369
What are the prime factors of 656014?
2, 328007
What are the prime factors of 197377?
31, 6367
What are the prime factors of 1133842?
2, 29, 113, 173
List the prime factors of 107994.
2, 3, 41, 439
List the prime factors of 441124.
2, 110281
What are the prime factors of 2059867?
59, 34913
What are the prime factors of 564123?
3, 7, 26863
List the prime factors of 7295970.
2, 3, 5, 11, 22109
What are the prime factors of 416372?
2, 11, 9463
What are the prime factors of 17253530?
2, 5, 7, 103, 2393
What are the prime factors of 823759?
823759
List the prime factors of 5916887.
631, 9377
What are the prime factors of 13904819?
2689, 5171
What are the prime factors of 7308945?
3, 5, 7, 23203
What are the prime factors of 684576?
2, 3, 2377
List the prime factors of 1473000.
2, 3, 5, 491
What are the prime factors of 190752?
2, 3, 1987
What are the prime factors of 6631425?
3, 5, 29473
List the prime factors of 2248566.
2, 3, 374761
List the prime factors of 163625.
5, 7, 11, 17
What are the prime factors of 1669644?
2, 3, 19, 2441
What are the prime factors of 4812267?
3, 23, 97, 719
List the prime factors of 619870.
2, 5, 61987
What are the prime factors of 3679763?
197, 18679
What are the prime factors of 64718?
2, 32359
List the prime factors of 461339.
19, 24281
List the prime factors of 5662225.
5, 293, 773
List the prime factors of 300740.
2, 5, 11, 1367
List the prime factors of 3854930.
2, 5, 385493
List the prime factors of 838924.
2, 131, 1601
What are the prime factors of 573680?
2, 5, 71, 101
List the prime factors of 1920684.
2, 3, 23, 6959
List the prime factors of 1590129.
3, 17, 19, 547
List the prime factors of 8224.
2, 257
List the prime factors of 428220.
2, 3, 5, 13, 61
List the prime factors of 584159.
59, 9901
List the prime factors of 18363256.
2, 2295407
What are the prime factors of 4141871?
4141871
What are the prime factors of 2731914?
2, 3, 50591
What are the prime factors of 17935348?
2, 4483837
List the prime factors of 24060868.
2, 13, 35593
What are the prime factors of 739068?
2, 3, 11, 509
List the prime factors of 303842.
2, 7, 11, 1973
List the prime factors of 43486.
2, 17, 1279
What are the prime factors of 53006?
2, 17, 1559
What are the prime factors of 3507255?
3, 5, 59, 1321
List the prime factors of 3062319.
3, 13, 233, 337
List the prime factors of 332934.
2, 3, 7, 7927
List the prime factors of 9726531.
3, 1237, 2621
What are the prime factors of 2206435?
5, 7, 11, 521
List the prime factors of 872049.
3, 17, 17099
What are the prime factors of 368077?
368077
What are the prime factors of 84000?
2, 3, 5, 7
What are the prime factors of 1336015?
5, 267203
List the prime factors of 212131.
212131
What are the prime factors of 362023?
163, 2221
What are the prime factors of 524876?
2, 11, 79, 151
List the prime factors of 1976058.
2, 3, 7, 15683
List the prime factors of 18835334.
2, 7, 139, 9679
What are the prime factors of 54407?
41, 1327
List the prime factors of 5371028.
2, 13, 103289
What are the prime factors of 31349017?
7, 79, 83, 683
List the prime factors of 897586.
2, 448793
List the prime factors of 7446659.
11, 53, 241
What are the prime factors of 367961?
11, 3041
List the prime factors of 360708.
2, 3, 30059
What are the prime factors of 600990?
2, 3, 5, 13, 23, 67
What are the prime factors of 6790906?
2, 37, 163, 563
List the prime factors of 141605.
5, 127, 223
List the prime factors of 13630.
2, 5, 29, 47
What are the prime factors of 515292?
2, 3, 23, 1867
What are the prime factors of 256002?
2, 3, 42667
List the prime factors of 664330.
2, 5, 31, 2143
What are the prime factors of 552790?
2, 5, 7, 53, 149
List the prime factors of 52569.
3, 11, 59
What are the prime factors of 2733966?
2, 3, 197, 257
List the prime factors of 9484044.
2, 3, 29, 27253
What are the prime factors of 7032885?
3, 5, 468859
List the prime factors of 739505.
5, 13, 31, 367
What are the prime factors of 90931?
90931
List the prime factors of 21436788.
2, 3, 19, 167, 563
What are the prime factors of 121254?
2, 3, 7, 2887
List the prime factors of 602373.
3, 199, 1009
What are the prime factors of 10173221?
10173221
List the prime factors of 12916092.
2, 3, 7, 153763
List the prime factors of 400649.
521, 769
List the prime factors of 733170.
2, 3, 5, 24439
What are the prime factors of 177980?
2, 5, 11, 809
List the prime factors of 525722.
2, 83, 3167
List the prime factors of 588690.
2, 3, 5, 31, 211
List the prime factors of 12633972.
2, 3, 13, 109, 743
List the prime factors of 12380260.
2, 5, 67, 9239
List the prime factors of 3976099.
3976099
What are the prime factors of 3343553?
3343553
List the prime factors of 9621419.
2663, 3613
List the prime factors of 873838.
2, 7, 62417
What are the prime factors of 715642?
2, 179, 1999
List the prime factors of 286239.
3, 95413
What are the prime factors of 5472582?
2, 3, 307, 2971
List the prime factors of 176030.
2, 5, 29, 607
What are the prime factors of 257861?
257861
List the prime factors of 174150.
2, 3, 5, 43
What are the prime factors of 255156?
2, 3, 11, 1933
What are the prime factors of 186948?
2, 3, 577
What are the prime factors of 1547457?
3, 379, 1361
What are the prime factors of 929509?
7, 17, 73, 107
List the prime factors of 1792692.
2, 3, 11, 503
What are the prime factors of 3236594?
2, 593, 2729
What are the prime factors of 834783?
3, 278261
List the prime factors of 176961.
3, 61, 967
What are the prime factors of 104747?
19, 37, 149
List the prime factors of 3889008.
2, 3, 113, 239
List the prime factors of 261774.
2, 3, 14543
What are the prime factors of 2277016?
2, 7, 73, 557
List the prime factors of 57705.
3, 5, 3847
List the prime factors of 8178945.
3, 5, 269, 2027
List the prime factors of 1002510.
2, 3, 5, 47, 79
List the prime factors of 243433.
243433
What are the prime factors of 6249726?
2, 3, 7, 193, 257
What are the prime factors of 1058051?
137, 7723
List the prime factors of 362581.
362581
What are the prime factors of 617136?
2, 3, 13, 23, 43
List the prime factors of 196157.
13, 79, 191
List the prime factors of 10182164.
2, 683, 3727
What are the prime factors of 738338?
2, 369169
What are the prime factors of 20106580?
2, 5, 13, 17, 4549
What are the prime factors o